{"id":496,"date":"2024-07-12T14:06:52","date_gmt":"2024-07-12T14:06:52","guid":{"rendered":"https:\/\/lacuernadelciervo.com.mx\/?post_type=product&#038;p=496"},"modified":"2024-08-28T19:07:12","modified_gmt":"2024-08-28T19:07:12","slug":"cornamenta-de-enigma","status":"publish","type":"product","link":"https:\/\/lacuernadelciervo.com.mx\/index.php\/producto\/cornamenta-de-enigma\/","title":{"rendered":"Cornamenta de Enigma"},"content":{"rendered":"<p>Cornamenta de venado<br \/>\nT\u00e9cnica: Mixta<br \/>\nMateriales: Aerosol, plastilina ep\u00f3xi y madera<br \/>\nDimensiones: 40 x 33 x 46 cm<br \/>\nPeso: 3.5 kg<br \/>\nFolio: LCA-086<br \/>\nA\u00f1o: 2022<br \/>\nColecci\u00f3n: \u00abEl Arte de la Transcendencia\u00bb<br \/>\nSignificado de la obra: Me refiero a la parte escultural de la obra, que es una cornamenta de venado de 8 puntas. Las cornamentas son enigm\u00e1ticas en su forma y simbolizan el misterio y la maravilla de la naturaleza.<br \/>\nParticipaci\u00f3n en:<br \/>\n2022 Feria de Arte \u00abNoreste Art Fair\u00bb, Akadem, San Pedro Garza Garc\u00eda, Nuevo Le\u00f3n, M\u00e9xico, 2023 Exposici\u00f3n Individual \u201cResonancia Ancestral: Cr\u00e1neos y Huesos en el Arte\u201c, Centro Cultural \u201cLa P\u00e9rgola\u201c, San Nicol\u00e1s de los Garza, Nuevo Le\u00f3n.<br \/>\nPieza \u00fanica<\/p>\n","protected":false},"excerpt":{"rendered":"<p>Cornamenta de venado T\u00e9cnica: Mixta Materiales: Aerosol, plastilina ep\u00f3xi y madera Dimensiones: 40 x 33 x 46 cm Peso: 3.5 kg Folio: LCA-086 A\u00f1o: 2022 Colecci\u00f3n: \u00abEl Arte de la Transcendencia\u00bb Significado de la obra: Me refiero a la parte escultural de la obra, que es una cornamenta de venado de 8 puntas. Las cornamentas [&hellip;]<\/p>\n","protected":false},"featured_media":397,"comment_status":"open","ping_status":"closed","template":"","meta":{"_et_pb_use_builder":"","_et_pb_old_content":"","_et_gb_content_width":""},"product_brand":[],"product_cat":[19],"product_tag":[],"class_list":{"0":"post-496","1":"product","2":"type-product","3":"status-publish","4":"has-post-thumbnail","6":"product_cat-19","8":"first","9":"instock","10":"shipping-taxable","11":"product-type-simple"},"_links":{"self":[{"href":"https:\/\/lacuernadelciervo.com.mx\/index.php\/wp-json\/wp\/v2\/product\/496","targetHints":{"allow":["GET"]}}],"collection":[{"href":"https:\/\/lacuernadelciervo.com.mx\/index.php\/wp-json\/wp\/v2\/product"}],"about":[{"href":"https:\/\/lacuernadelciervo.com.mx\/index.php\/wp-json\/wp\/v2\/types\/product"}],"replies":[{"embeddable":true,"href":"https:\/\/lacuernadelciervo.com.mx\/index.php\/wp-json\/wp\/v2\/comments?post=496"}],"wp:featuredmedia":[{"embeddable":true,"href":"https:\/\/lacuernadelciervo.com.mx\/index.php\/wp-json\/wp\/v2\/media\/397"}],"wp:attachment":[{"href":"https:\/\/lacuernadelciervo.com.mx\/index.php\/wp-json\/wp\/v2\/media?parent=496"}],"wp:term":[{"taxonomy":"product_brand","embeddable":true,"href":"https:\/\/lacuernadelciervo.com.mx\/index.php\/wp-json\/wp\/v2\/product_brand?post=496"},{"taxonomy":"product_cat","embeddable":true,"href":"https:\/\/lacuernadelciervo.com.mx\/index.php\/wp-json\/wp\/v2\/product_cat?post=496"},{"taxonomy":"product_tag","embeddable":true,"href":"https:\/\/lacuernadelciervo.com.mx\/index.php\/wp-json\/wp\/v2\/product_tag?post=496"}],"curies":[{"name":"wp","href":"https:\/\/api.w.org\/{rel}","templated":true}]}}