{"id":498,"date":"2024-07-12T14:09:59","date_gmt":"2024-07-12T14:09:59","guid":{"rendered":"https:\/\/lacuernadelciervo.com.mx\/?post_type=product&#038;p=498"},"modified":"2024-08-28T18:59:23","modified_gmt":"2024-08-28T18:59:23","slug":"terra-esplendor","status":"publish","type":"product","link":"https:\/\/lacuernadelciervo.com.mx\/index.php\/producto\/terra-esplendor\/","title":{"rendered":"Terra Esplendor"},"content":{"rendered":"<p>Cr\u00e1neo de erizo de tierra<br \/>\nT\u00e9cnica: Mixta<br \/>\nMateriales: Aerosol, cuarzo transparente y brillantina<br \/>\nDimensiones: 7 x 10 x 11 cm<br \/>\nPeso: 200 g<br \/>\nFolio: LCA-084<br \/>\nA\u00f1o: 2022<br \/>\nColecci\u00f3n: \u00abLa Magia de los Cuarzos\u00bb<br \/>\nSignificado de la obra: Terra representa la conexi\u00f3n con la tierra y la naturaleza, simbolizando la base de nuestra existencia y la esencia de la vida. Esplendor evoca la idea de la belleza y la luminosidad de la obra, que resalta con el uso del cuarzo transparente y la brillantina dorada. Y hago referencia al cr\u00e1neo como un s\u00edmbolo de sabidur\u00eda y transici\u00f3n.<br \/>\nParticipaci\u00f3n en:<br \/>\n2022 Feria de Arte \u00abNoreste Art Fair\u00bb, Akadem, San Pedro Garza Garc\u00eda, Nuevo Le\u00f3n, M\u00e9xico,<br \/>\n2023 Exposici\u00f3n Individual \u201cResonancia Ancestral: Cr\u00e1neos y Huesos<\/p>\n","protected":false},"excerpt":{"rendered":"<p>Cr\u00e1neo de erizo de tierra T\u00e9cnica: Mixta Materiales: Aerosol, cuarzo transparente y brillantina Dimensiones: 7 x 10 x 11 cm Peso: 200 g Folio: LCA-084 A\u00f1o: 2022 Colecci\u00f3n: \u00abLa Magia de los Cuarzos\u00bb Significado de la obra: Terra representa la conexi\u00f3n con la tierra y la naturaleza, simbolizando la base de nuestra existencia y la [&hellip;]<\/p>\n","protected":false},"featured_media":467,"comment_status":"open","ping_status":"closed","template":"","meta":{"_et_pb_use_builder":"","_et_pb_old_content":"","_et_gb_content_width":""},"product_brand":[],"product_cat":[19],"product_tag":[],"class_list":{"0":"post-498","1":"product","2":"type-product","3":"status-publish","4":"has-post-thumbnail","6":"product_cat-19","8":"first","9":"instock","10":"shipping-taxable","11":"product-type-simple"},"_links":{"self":[{"href":"https:\/\/lacuernadelciervo.com.mx\/index.php\/wp-json\/wp\/v2\/product\/498","targetHints":{"allow":["GET"]}}],"collection":[{"href":"https:\/\/lacuernadelciervo.com.mx\/index.php\/wp-json\/wp\/v2\/product"}],"about":[{"href":"https:\/\/lacuernadelciervo.com.mx\/index.php\/wp-json\/wp\/v2\/types\/product"}],"replies":[{"embeddable":true,"href":"https:\/\/lacuernadelciervo.com.mx\/index.php\/wp-json\/wp\/v2\/comments?post=498"}],"wp:featuredmedia":[{"embeddable":true,"href":"https:\/\/lacuernadelciervo.com.mx\/index.php\/wp-json\/wp\/v2\/media\/467"}],"wp:attachment":[{"href":"https:\/\/lacuernadelciervo.com.mx\/index.php\/wp-json\/wp\/v2\/media?parent=498"}],"wp:term":[{"taxonomy":"product_brand","embeddable":true,"href":"https:\/\/lacuernadelciervo.com.mx\/index.php\/wp-json\/wp\/v2\/product_brand?post=498"},{"taxonomy":"product_cat","embeddable":true,"href":"https:\/\/lacuernadelciervo.com.mx\/index.php\/wp-json\/wp\/v2\/product_cat?post=498"},{"taxonomy":"product_tag","embeddable":true,"href":"https:\/\/lacuernadelciervo.com.mx\/index.php\/wp-json\/wp\/v2\/product_tag?post=498"}],"curies":[{"name":"wp","href":"https:\/\/api.w.org\/{rel}","templated":true}]}}