{"id":532,"date":"2024-07-12T18:14:01","date_gmt":"2024-07-12T18:14:01","guid":{"rendered":"https:\/\/lacuernadelciervo.com.mx\/?post_type=product&#038;p=532"},"modified":"2024-07-16T00:27:53","modified_gmt":"2024-07-16T00:27:53","slug":"auto-reflexion","status":"publish","type":"product","link":"https:\/\/lacuernadelciervo.com.mx\/index.php\/producto\/auto-reflexion\/","title":{"rendered":"Auto Reflexi\u00f3n"},"content":{"rendered":"<p>Cr\u00e1neo de oveja<br \/>\nT\u00e9cnica: Vitromosaico<br \/>\nMateriales: Aerosol y espejo<br \/>\nDimensiones: 11 x 13 x 23 cm<br \/>\nPeso: 270 g<br \/>\nFolio: lca-072<br \/>\nA\u00f1o: 2022<br \/>\nColecci\u00f3n: \u00abCaleidoscopio\u00bb<br \/>\nSignificado de obra: La oveja representa la conexi\u00f3n con la naturaleza, la humildad y la inocencia, tambi\u00e9n simboliza la transici\u00f3n entre la vida y la muerte, as\u00ed como la renovaci\u00f3n espiritual. El color rosa se relaciona con el amor, compasi\u00f3n y la armon\u00eda, simboliza una conexi\u00f3n con el coraz\u00f3n y la b\u00fasqueda de relaciones espirituales y equilibradas, los espejos son s\u00edmbolos que representan dualidad, transformaci\u00f3n y autorreflexi\u00f3n.<br \/>\nParticipaci\u00f3n en: 2022 Feria de Arte \u00abNoreste Art Fair\u00bb, Akadem, San Pedro Garza Garc\u00eda, Nuevo Le\u00f3n, M\u00e9xico, 2023 Exposici\u00f3n Individual \u201cResonancia Ancestral: Cr\u00e1neos y Huesos en el Arte\u201c, Centro Cultural \u201cLa P\u00e9rgola\u201c, San Nicol\u00e1s de los Garza, Nuevo Le\u00f3n<br \/>\nPieza \u00fanica<\/p>\n","protected":false},"excerpt":{"rendered":"<p>Cr\u00e1neo de oveja T\u00e9cnica: Vitromosaico Materiales: Aerosol y espejo Dimensiones: 11 x 13 x 23 cm Peso: 270 g Folio: lca-072 A\u00f1o: 2022 Colecci\u00f3n: \u00abCaleidoscopio\u00bb Significado de obra: La oveja representa la conexi\u00f3n con la naturaleza, la humildad y la inocencia, tambi\u00e9n simboliza la transici\u00f3n entre la vida y la muerte, as\u00ed como la renovaci\u00f3n [&hellip;]<\/p>\n","protected":false},"featured_media":376,"comment_status":"open","ping_status":"closed","template":"","meta":{"_et_pb_use_builder":"","_et_pb_old_content":"","_et_gb_content_width":""},"product_brand":[],"product_cat":[19],"product_tag":[],"class_list":{"0":"post-532","1":"product","2":"type-product","3":"status-publish","4":"has-post-thumbnail","6":"product_cat-19","8":"first","9":"instock","10":"shipping-taxable","11":"product-type-simple"},"_links":{"self":[{"href":"https:\/\/lacuernadelciervo.com.mx\/index.php\/wp-json\/wp\/v2\/product\/532","targetHints":{"allow":["GET"]}}],"collection":[{"href":"https:\/\/lacuernadelciervo.com.mx\/index.php\/wp-json\/wp\/v2\/product"}],"about":[{"href":"https:\/\/lacuernadelciervo.com.mx\/index.php\/wp-json\/wp\/v2\/types\/product"}],"replies":[{"embeddable":true,"href":"https:\/\/lacuernadelciervo.com.mx\/index.php\/wp-json\/wp\/v2\/comments?post=532"}],"wp:featuredmedia":[{"embeddable":true,"href":"https:\/\/lacuernadelciervo.com.mx\/index.php\/wp-json\/wp\/v2\/media\/376"}],"wp:attachment":[{"href":"https:\/\/lacuernadelciervo.com.mx\/index.php\/wp-json\/wp\/v2\/media?parent=532"}],"wp:term":[{"taxonomy":"product_brand","embeddable":true,"href":"https:\/\/lacuernadelciervo.com.mx\/index.php\/wp-json\/wp\/v2\/product_brand?post=532"},{"taxonomy":"product_cat","embeddable":true,"href":"https:\/\/lacuernadelciervo.com.mx\/index.php\/wp-json\/wp\/v2\/product_cat?post=532"},{"taxonomy":"product_tag","embeddable":true,"href":"https:\/\/lacuernadelciervo.com.mx\/index.php\/wp-json\/wp\/v2\/product_tag?post=532"}],"curies":[{"name":"wp","href":"https:\/\/api.w.org\/{rel}","templated":true}]}}