{"id":539,"date":"2024-07-12T18:33:18","date_gmt":"2024-07-12T18:33:18","guid":{"rendered":"https:\/\/lacuernadelciervo.com.mx\/?post_type=product&#038;p=539"},"modified":"2024-08-26T22:53:40","modified_gmt":"2024-08-26T22:53:40","slug":"conexion-con-la-naturaleza","status":"publish","type":"product","link":"https:\/\/lacuernadelciervo.com.mx\/index.php\/producto\/conexion-con-la-naturaleza\/","title":{"rendered":"Conexi\u00f3n con la Naturaleza"},"content":{"rendered":"<p>Mand\u00edbulas de Venado<br \/>\nT\u00e9cnica: Mixta<br \/>\nMateriales: Aerosol, alambre y cuarzos<br \/>\nDimensiones: 16 x 10 x 21 cm<br \/>\nPeso: 350 g<br \/>\nFolio: LCA-065<br \/>\nA\u00f1o: 2022<br \/>\nColecci\u00f3n: \u00abLa Magia de los Cuarzos\u00bb<br \/>\nSignificado de la obra: Las mand\u00edbulas de los venados simbolizan la conexi\u00f3n con la naturaleza, la regeneraci\u00f3n y la sabidur\u00eda. Los venados tambi\u00e9n son vistos como gu\u00edas espirituales y s\u00edmbolos de intuici\u00f3n. Los cuarzos se asocian con la espiritualidad, la sabidur\u00eda y la iluminaci\u00f3n, aportando un elemento de elevaci\u00f3n y trascendencia espiritual.<br \/>\nParticipaci\u00f3n en:<br \/>\n2022 Feria de Arte \u00abNoreste Art Fair\u00bb, Akadem, San Pedro Garza Garc\u00eda, Nuevo Le\u00f3n, M\u00e9xico<br \/>\n2023 Exposici\u00f3n Individual \u201cResonancia Ancestral: Cr\u00e1neos y Huesos en el Arte\u201c, Centro Cultural \u201cLa P\u00e9rgola\u201c, San Nicol\u00e1s de los Garza, Nuevo Le\u00f3n<br \/>\nPiezas \u00fanicas<\/p>\n","protected":false},"excerpt":{"rendered":"<p>Mand\u00edbulas de Venado T\u00e9cnica: Mixta Materiales: Aerosol, alambre y cuarzos Dimensiones: 16 x 10 x 21 cm Peso: 350 g Folio: LCA-065 A\u00f1o: 2022 Colecci\u00f3n: \u00abLa Magia de los Cuarzos\u00bb Significado de la obra: Las mand\u00edbulas de los venados simbolizan la conexi\u00f3n con la naturaleza, la regeneraci\u00f3n y la sabidur\u00eda. Los venados tambi\u00e9n son vistos [&hellip;]<\/p>\n","protected":false},"featured_media":390,"comment_status":"open","ping_status":"closed","template":"","meta":{"_et_pb_use_builder":"","_et_pb_old_content":"","_et_gb_content_width":""},"product_brand":[],"product_cat":[19],"product_tag":[],"class_list":{"0":"post-539","1":"product","2":"type-product","3":"status-publish","4":"has-post-thumbnail","6":"product_cat-19","8":"first","9":"instock","10":"shipping-taxable","11":"product-type-simple"},"_links":{"self":[{"href":"https:\/\/lacuernadelciervo.com.mx\/index.php\/wp-json\/wp\/v2\/product\/539","targetHints":{"allow":["GET"]}}],"collection":[{"href":"https:\/\/lacuernadelciervo.com.mx\/index.php\/wp-json\/wp\/v2\/product"}],"about":[{"href":"https:\/\/lacuernadelciervo.com.mx\/index.php\/wp-json\/wp\/v2\/types\/product"}],"replies":[{"embeddable":true,"href":"https:\/\/lacuernadelciervo.com.mx\/index.php\/wp-json\/wp\/v2\/comments?post=539"}],"wp:featuredmedia":[{"embeddable":true,"href":"https:\/\/lacuernadelciervo.com.mx\/index.php\/wp-json\/wp\/v2\/media\/390"}],"wp:attachment":[{"href":"https:\/\/lacuernadelciervo.com.mx\/index.php\/wp-json\/wp\/v2\/media?parent=539"}],"wp:term":[{"taxonomy":"product_brand","embeddable":true,"href":"https:\/\/lacuernadelciervo.com.mx\/index.php\/wp-json\/wp\/v2\/product_brand?post=539"},{"taxonomy":"product_cat","embeddable":true,"href":"https:\/\/lacuernadelciervo.com.mx\/index.php\/wp-json\/wp\/v2\/product_cat?post=539"},{"taxonomy":"product_tag","embeddable":true,"href":"https:\/\/lacuernadelciervo.com.mx\/index.php\/wp-json\/wp\/v2\/product_tag?post=539"}],"curies":[{"name":"wp","href":"https:\/\/api.w.org\/{rel}","templated":true}]}}